 - 0*w - 5*h, -r*h = 9. What is the units digit of w?
7
Let k = 1 - -7. Suppose -j + 2*d + d + k = 0, 3*j - 5*d - 24 = 0. Suppose -j = -m - 3*m. What is the units digit of m?
2
Let r(h) = -h**2 - 17*h - 12. What is the tens digit of r(-7)?
5
Suppose 2*h + 2*x = 0, -4*h + x + x + 24 = 0. What is the units digit of h?
4
Let n = 82 + 18. What is the hundreds digit of n?
1
Suppose l - 5*g + 5 - 20 = 0, l + 5*g - 35 = 0. Let z(u) = -9*u**3 + u**2 + 2*u + 1. Let q be z(-1). Suppose -l = -2*r - q. What is the units digit of r?
8
Let j = -138 + 156. What is the tens digit of j?
1
Let k(j) = 21*j**2 + 3*j + 2. Let r be k(-2). Suppose -f - 4*f = -c - 218, -2*c + r = 2*f. What is the units digit of f?
3
Let n = -6 + 8. What is the units digit of (-24)/(-4) + n/(-2)?
5
Suppose 5*c = -5*v + 20, c - 19 = -v + 3*c. What is the units digit of (-84)/v*6/(-4)?
4
Let b = -121 - -214. What is the units digit of b?
3
What is the units digit of -4 + -4 + 150/5?
2
What is the units digit of (3/(-2))/(-4 + 1466/368)?
2
Suppose -5*p + 404 + 23 = 2*o, 4*o = -2*p + 846. What is the hundreds digit of o?
2
Let c = -4 - -5. Suppose q = -4*f + c, -7*f = -2*f + 5. Suppose -v + 4 = -q. What is the units digit of v?
9
Let x(h) = -5*h + 7. What is the tens digit of x(-6)?
3
Let z(m) be the second derivative of -m**4/8 - 5*m**3/6 + m**2/2 - m. Let a(i) be the first derivative of z(i). What is the units digit of a(-4)?
7
Let k = 116 - -14. What is the hundreds digit of k?
1
Let d(i) = 11*i - 38. What is the units digit of d(12)?
4
Suppose 0*w = -w + 3. Suppose -28 = -m - w*m. What is the units digit of m?
7
Suppose l - 2*v - 106 = v, 103 = l - 2*v. What is the units digit of l?
7
Let p = 74 + 21. What is the tens digit of p?
9
Let z(h) = -h**3 + h**2 - h + 2. Let s be z(0). Suppose r = -s*r + 33. What is the units digit of r?
1
Suppose -5*p = 3*q - 76, 5*p = 4*q - 8*q + 98. What is the units digit of q?
2
Suppose -4*r = r + 160. What is the tens digit of r/(-6)*(1 - -2)?
1
Suppose -5*g + d = -117, 5*d - 67 = -3*g + 4*d. Let n = g + -7. What is the tens digit of n?
1
Let y(o) = -7*o**2 + 2*o. Let t be y(-2). Let q = t - -46. What is the tens digit of q?
1
Let b(v) = v**3 - v**2 + v + 1. Let z be b(0). Suppose -c - z = 0, -5*u - 5*c + 3 = -u. Suppose -n - u*n = -45. What is the tens digit of n?
1
Let d(q) = 2*q**2 + 13. What is the units digit of d(-7)?
1
What is the tens digit of (-38 - (-1)/(-1))*-1?
3
Suppose 2 = -3*w + 23. What is the units digit of w?
7
Let q = -8 - -74. What is the units digit of q?
6
Suppose 47 = 3*m - 55. What is the units digit of m?
4
Suppose j + 5*o - 57 = 6*o, -2*o - 52 = -j. What is the units digit of j?
2
Let t = 1 + 2. Suppose 0*m - t*m = -21. What is the units digit of m?
7
Suppose 8*r - 2*r - 324 = 0. What is the tens digit of r?
5
Suppose 2*h - 17 + 3 = 0. Suppose -2*g + 23 = -h. What is the tens digit of g?
1
Suppose 20*z - 21*z = -150. What is the hundreds digit of z?
1
Let t(v) = -v + 4. Let w be t(-8). Suppose -g - 4*q = -w, 3 = -3*g - g + q. Suppose g = 3*x - 6 - 6. What is the units digit of x?
4
Suppose 22 - 6 = 4*b. Suppose 0*d = 2*d - b. What is the units digit of (3/(-3))/(d/(-18))?
9
Let f = 40 - 24. Let h(i) = 5*i - 1. Let a be h(-2). Let k = f + a. What is the units digit of k?
5
Suppose 0*d - y + 256 = 3*d, 0 = d + y - 88. What is the units digit of d?
4
Suppose 2*p - 25 = -5*b, -2*p + 8 + 5 = b. Let x be 3*8/(-18)*b. What is the tens digit of 99/6*x/(-6)?
1
Let l(d) = d**2 - 6*d + 6. Let z be l(5). Suppose -f = -0*f - z. Suppose -j = f - 5. What is the units digit of j?
4
Suppose 0 = 4*s + 3*i - 4 - 11, 5*s - 4*i + 20 = 0. Suppose s = 2*d + d - 54. Suppose -2*v + d + 0 = 0. What is the units digit of v?
9
Let f be -3*(2/(-2) + 2). Let o(a) = 5*a**3 - 2*a**2 + 2*a - 1. Let w be o(1). Let n = w + f. What is the units digit of n?
1
Suppose 5*h - 12 = h. Suppose 3*c = 7*c - 44. Suppose -h*b = -35 + c. What is the units digit of b?
8
Let d(a) = a**2 + 6*a + 5. Let t be d(-6). Suppose t*l - 32 = -7. Suppose 0 = -x - g + l, 4*g - 1 = x - g. What is the units digit of x?
4
Let r = 92 + 151. What is the hundreds digit of r?
2
What is the tens digit of 1/((-2)/21*2/(-4))?
2
Suppose -3*y - 5*x = 15 - 121, 2*y - 3*x = 77. What is the tens digit of y?
3
Let g(c) = c**2 - 6*c + 3. Let u be g(5). Let p = 8 - u. Let y = 3 + p. What is the units digit of y?
3
Let v(w) = w**2 - 4*w + 1. Let s be v(3). Let l be (-1)/(s/8*-1). Let g = l + 6. What is the units digit of g?
2
Let m(y) = y**3 - 10*y**2 - 46*y + 9. What is the units digit of m(14)?
9
Let z be (-3)/(6/4) + 6. Suppose z*x + x = -110. Let f = x - -36. What is the units digit of f?
4
Suppose f = -0*f + 249. What is the tens digit of f?
4
Suppose -4*m + 2*c = -20, -4*c - 11 + 1 = -2*m. Let a(i) = -3 + 0*i + 0 + 2*i. What is the units digit of a(m)?
7
Let k = -5 + 7. Suppose -42 = -k*q + 6. What is the units digit of q?
4
Let n = 11 + -8. Suppose 0 = b + 2*a, -4*b + 0*b - 2*a + 12 = 0. Suppose b*q + 5*v - 11 = 0, 0*v + n = 2*q + 3*v. What is the units digit of q?
9
Let u be 2/(-4) + (-21)/(-6). Let o = 8 - 4. Suppose -o*z + 9 = f, -u*z - 18 = f - 3*f. What is the units digit of f?
9
Suppose 7*n = -3*n + 2140. What is the tens digit of n?
1
Let i(g) = 3*g**2 + g - 2. What is the tens digit of i(3)?
2
Let a(u) = -4*u**2 - 2 - u**3 + 4*u - 2 + 0 + 1. Let p be a(-5). Suppose 0 = -2*b + 2*j, p*j - 3*j + 2 = b. What is the units digit of b?
1
Suppose 5*m + 3 = -2. Suppose -30 = -t - t. Let z = m + t. What is the units digit of z?
4
Let x(s) = -s**3 + 4*s**2 - 3*s. Let h be x(3). Suppose h = -4*w + 9*w - 75. What is the units digit of w?
5
Suppose 5*r + 29 = -4*q + 4, -q + 3*r + 15 = 0. Let t be -3 + 26 - (q + -2). Suppose -t - 3 = -2*f. What is the units digit of f?
4
Suppose 3*b = -s + 25, -3*b = -3*s + b + 36. What is the units digit of s?
6
Suppose 0 = -5*v + 13 + 52. What is the tens digit of v?
1
Let p(l) = -l + 10. Let m be p(0). Let r = m - 5. Suppose -2*c = -r*z + 4, 4*c - 5*z + 3*z - 24 = 0. What is the units digit of c?
8
Suppose 3*y + 12 = 0, -3*s + 2*y + 26 = -0. What is the units digit of s?
6
Let p(n) = n**2 + 13*n + 17. Let l be p(-12). Let f = 10 - l. What is the units digit of f?
5
Suppose 0 = 5*d - 8*d - 18. Suppose -13*o - 68 = 62. Let q = d - o. What is the units digit of q?
4
Let g = -26 + 38. What is the tens digit of g?
1
Let t(l) = -l - 2. Let q = -13 + 9. Let p be t(q). Suppose 4 = -w + 9, 3*d - 28 = -p*w. What is the units digit of d?
6
Suppose -2*t - 5*n - 7 = 0, -3*t - 2 = -4*n - 3. Let d be t/(0 - (-2)/12). Let r = d - -11. What is the units digit of r?
5
Let h be 8/((-4)/(-2) + 0). Suppose 4*l - 8 = h. Let t(o) = 3*o**2 - 5*o + 2. What is the units digit of t(l)?
4
Let l be (-1)/(-4) - 15/(-20). What is the units digit of (-1 + 9 - 3)*l?
5
Let f be (4 + 0)*(1 - 0). Suppose -2*s = -3*m - f*s, -7 = -2*m + s. Suppose -12 = -5*t + m*t. What is the units digit of t?
4
Let d(s) be the third derivative of s**6/360 - s**5/120 + s**4/6 - s**3/2 - s**2. Let o(n) be the first derivative of d(n). What is the units digit of o(0)?
4
Let x = 176 + -66. What is the tens digit of x?
1
Let t(d) = -3*d**3 - d. What is the tens digit of t(-2)?
2
Let o = 15 - 11. Suppose 2*v = l - 41, o*l - 134 = -0*l - 2*v. Let f = l + -19. What is the tens digit of f?
1
Let g(p) = p**2 + p + 26. What is the units digit of g(0)?
6
Let y be 22/10 - 3/15. Suppose -30 = -y*q - 3*q. What is the units digit of 15/q - (-4)/8?
3
Let r(h) = -2*h + 2. Let o = 6 + -1. Let f = -7 + o. What is the units digit of r(f)?
6
Let v = 76 - -20. What is the tens digit of v?
9
Let r(i) = 3*i**2 + 2*i - 2. Let g = -3 - 0. What is the units digit of r(g)?
9
Suppose 4*f + 12 = -0*f. Let i = 1 - f. Suppose 2*q - 3*g = -2*q + 33, g = -i*q + 53. What is the tens digit of q?
1
Suppose 1 = -h, 9*s - 184 = 4*s + 4*h. Let w be 2/8 - s/16. Let v = 10 + w. What is the units digit of v?
8
Suppose -2*b + 2*o + 78 = 4*o, 0 = 3*b + 5*o - 123. What is the tens digit of b?
3
Let u be (10/(-2))/((-2)/2). Suppose u = 2*t + 1. Suppose 3*v - 4*p = 5*v - 6, 3*v + t*p = 21. What is the units digit of v?
9
Suppose -2*x + 88 = -3*d, -x - 4*d + 44 = -0*d. What is the units digit of x?
4
Suppose -4*m = -3*i + 5*i + 42, 0 = 2*m + 3*i + 23. What is the u